ultiple of 18?
True
Is 18582 a multiple of 66?
False
Is 158 a factor of 14462?
False
Is 60 a factor of 4797?
False
Does 5 divide 155?
True
Is 7920 a multiple of 20?
True
Does 14 divide 8838?
False
Is 3311 a multiple of 7?
True
Does 58 divide 1160?
True
Does 16 divide 5568?
True
Does 10 divide 2770?
True
Is 39 a factor of 1404?
True
Is 63 a factor of 1260?
True
Does 44 divide 14740?
True
Is 251 even?
False
Is 26 a factor of 27274?
True
Does 175 divide 43925?
True
Is 51 a factor of 2754?
True
Is 113 a factor of 12430?
True
Does 28 divide 124?
False
Does 40 divide 501?
False
Is 1170 a multiple of 13?
True
Is 33 a factor of 1201?
False
Is 702 a multiple of 27?
True
Is 2145 a multiple of 13?
True
Is 4 a factor of 7091?
False
Is 11 a factor of 26071?
False
Is 7798 a multiple of 14?
True
Does 9 divide 395?
False
Does 43 divide 47984?
False
Does 5 divide 10?
True
Is 22 a multiple of 2?
True
Is 17056 a multiple of 8?
True
Is 22 a factor of 43?
False
Is 676 a multiple of 65?
False
Is 9826 a multiple of 14?
False
Is 2130 a multiple of 4?
False
Does 14 divide 25152?
False
Does 186 divide 23064?
True
Is 36 a factor of 709?
False
Does 116 divide 3740?
False
Does 96 divide 6931?
False
Does 6 divide 703?
False
Is 10 a factor of 23790?
True
Is 39 a factor of 18993?
True
Is 243 a factor of 9963?
True
Does 7 divide 986?
False
Is 16 a factor of 352?
True
Is 416 a multiple of 16?
True
Does 7 divide 580?
False
Is 53 a multiple of 2?
False
Is 1086 a multiple of 26?
False
Is 840 a multiple of 15?
True
Is 3524 a multiple of 10?
False
Is 4536 a multiple of 14?
True
Is 13 a factor of 23894?
True
Does 5 divide 1150?
True
Is 39750 a multiple of 250?
True
Is 113 a factor of 16159?
True
Is 15 a factor of 18618?
False
Does 26 divide 1354?
False
Is 124 a factor of 24552?
True
Does 10 divide 4250?
True
Is 29745 a multiple of 12?
False
Is 17 a factor of 591?
False
Is 74 a multiple of 13?
False
Is 19900 a multiple of 20?
True
Is 697 a multiple of 17?
True
Is 22838 a multiple of 38?
True
Is 969 a multiple of 6?
False
Is 11634 a multiple of 24?
False
Is 10 a factor of 1210?
True
Is 113 a factor of 94294?
False
Is 960 a multiple of 55?
False
Is 60384 a multiple of 102?
True
Is 34529 a multiple of 120?
False
Does 34 divide 8092?
True
Is 128 a factor of 10365?
False
Does 13 divide 2806?
False
Does 7 divide 1505?
True
Is 63 a factor of 1386?
True
Is 5003 a multiple of 54?
False
Is 67084 a multiple of 23?
False
Is 7190 a multiple of 7?
False
Is 26 a factor of 361?
False
Is 22 a factor of 2831?
False
Does 6 divide 25788?
True
Is 185 a multiple of 7?
False
Does 2 divide 635?
False
Is 148 a multiple of 18?
False
Is 3 a factor of 1045?
False
Does 215 divide 96060?
False
Is 14 a factor of 1260?
True
Is 468 a multiple of 117?
True
Is 23 a factor of 2251?
False
Does 33 divide 1089?
True
Is 14 a factor of 90104?
True
Does 17 divide 1853?
True
Is 62 a factor of 44020?
True
Is 135 a multiple of 3?
True
Does 22 divide 15378?
True
Is 6 a factor of 1926?
True
Is 129 a multiple of 3?
True
Is 567 a multiple of 3?
True
Does 22 divide 88?
True
Does 10 divide 1840?
True
Is 339 even?
False
Is 7500 a multiple of 150?
True
Is 3836 a multiple of 137?
True
Is 2310 a multiple of 30?
True
Is 1178 a multiple of 19?
True
Does 15 divide 1036?
False
Is 54452 a multiple of 35?
False
Is 30 a factor of 690?
True
Is 278 a multiple of 33?
False
Is 16 a factor of 3328?
True
Does 7 divide 28707?
True
Is 195 a multiple of 39?
True
Does 28 divide 68?
False
Does 123 divide 205?
False
Is 10 a factor of 4060?
True
Is 13082 a multiple of 44?
False
Is 920 a multiple of 40?
True
Is 4 a factor of 4048?
True
Does 96 divide 14583?
False
Is 207 a factor of 37467?
True
Is 52 a factor of 472?
False
Does 367 divide 2643?
False
Does 70 divide 59180?
False
Is 36146 a multiple of 11?
True
Is 8 a factor of 3776?
True
Does 3 divide 64?
False
Is 450 a multiple of 9?
True
Is 320 a multiple of 19?
False
Is 16 a factor of 2612?
False
Is 23 a factor of 28796?
True
Does 154 divide 10164?
True
Does 54 divide 13554?
True
Is 4 a factor of 198?
False
Is 2760 a multiple of 6?
True
Is 3059 a multiple of 7?
True
Does 13 divide 2015?
True
Is 32 a factor of 93792?
True
Is 7372 a multiple of 78?
False
Does 91 divide 83662?
False
Is 2366 a multiple of 13?
True
Is 60 a multiple of 6?
True
Does 4 divide 500?
True
Is 675 a multiple of 75?
True
Is 44 a factor of 8314?
False
Is 64 a factor of 4846?
False
Is 2538 a multiple of 54?
True
Is 9600 a multiple of 120?
True
Is 6 a factor of 3604?
False
Does 15 divide 6119?
False
Is 550 a multiple of 4?
False
Does 42 divide 45?
False
Does 21 divide 19039?
False
Is 41 a factor of 2050?
True
Does 13 divide 10556?
True
Is 3 a factor of 42?
True
Is 10626 a multiple of 21?
True
Is 17 a factor of 373?
False
Does 14 divide 2591?
False
Is 58352 a multiple of 112?
True
Is 47 a factor of 3102?
True
Is 984 a multiple of 8?
True
Is 5225 a multiple of 25?
True
Is 2280 a multiple of 95?
True
Is 2249 a multiple of 13?
True
Is 667 a multiple of 29?
True
Does 111 divide 1665?
True
Is 111 a factor of 108447?
True
Does 5 divide 515?
True
Does 93 divide 22599?
True
Is 3349 a multiple of 49?
False
Does 7 divide 371?
True
Does 13 divide 2318?
False
Does 116 divide 2758?
False
Does 3 divide 128?
False
Is 8 a factor of 151?
False
Is 17 a factor of 477?
False
Does 4 divide 461?
False
Is 59 a factor of 4030?
False
Is 43954 a multiple of 22?
False
Does 45 divide 5581?
False
Does 59 divide 177?
True
Is 1825 a multiple of 41?
False
Is 20 a factor of 1931?
False
Is 930 a multiple of 30?
True
Is 28 a factor of 616?
True
Is 1661 a multiple of 11?
True
Does 10 divide 840?
True
Is 13 a factor of 2210?
True
Is 4368 a multiple of 26?
True
Is 8 a factor of 344?
True
Does 21 divide 834?
False
Is 8 a factor of 1381?
False
Is 111 a factor of 470?
False
Is 112 a multiple of 8?
True
Is 19 a factor of 3078?
True
Is 6660 a multiple of 10?
True
Does 3 divide 1103?
False
Is 1176 a multiple of 3?
True
Is 222 a multiple of 42?
False
Is 60 a factor of 7080?
True
Is 11 a factor of 354?
False
Does 5 divide 2600?
True
Does 19 divide 5491?
True
Is 18 a factor of 576?
True
Is 608 a multiple of 11?
False
Is 5512 a multiple of 13?
True
Is 4 a factor of 76?
True
Is 25 a factor of 773?
False
Does 22 divide 1430?
True
Is 2413 a multiple of 19?
True
Does 79 divide 395?
True
Does 144 divide 1247?
False
Is 2103 a multiple of 110?
False
Is 9 a factor of 179?
False
Is 1047 a multiple of 13?
False
Is 502 a multiple of 3?
False
Does 11 divide 144?
False
Is 881 even?
False
Is 3 a factor of 86?
False
Is 583 a multiple of 20?
False
Is 27 a factor of 1386?
False
Is 5 a factor of 220?
True
Is 11 a factor of 385?
True
Is 46375 a multiple of 49?
False
Is 22 a factor of 1853?
False
Is 11 a factor of 420?
False
Does 18 divide 7380?
True
Does 79 divide 395?
True
Does 12 divide 264?
True
Does 18 divide 27432?
True
Does 91 divide 67431?
True
Is 3 a factor of 1156?
False
Does 10 divide 791?
False
Does 19 divide 16321?
True
Does 46 divide 4738?
True
Is 14 a factor of 4494?
True
Does 160 divide 4000?
True
Is 1372 a multiple of 28?
True
Is 39 a factor of 11154?
True
Is 15 a factor of 2325?
True
Is 113202 a multiple of 331?
True
Is 1185 a multiple of 79?
True
Is 31 a factor of 1483?
False
Is 13 a factor of 598?
True
Is 112994 a multiple of 14?
True
Is 19 a factor of 1122?
False
Does 9 divide 279?
True
Is 28 a factor of 4228?
True
Is 109 a factor of 122104?
False
Is 5053 a multiple of 44?
False
Is 2645 a multiple of 23?
True
Does 31 divide 41937?
False
Is 2323 a multiple of 2?
False
Is 39 a factor of 132871?
False
Is 5146 a multiple of 31?
True
Is 39 a factor of 1638?
True
Is 37 a factor of 43732?
False
Is 8 a factor of 1084?
False
Is 2236 a multiple of 43?
True
Is 4 a factor of 62?
False
Is 52 a factor of 3432?
True
Does 133 divide 9842?
True
Is 5952 a multiple of 44?
False
Is 226 a multiple of 23?
False
Is 33 a factor of 8228?
False
Is 136 a factor of 4025?
False
Does 10 divide 1479?
False
Is 23 a factor of 12444?
False
Is 7028 a multiple of 14?
True
Does 20 divide 177?
False
Is 34497 a multiple of 39?
False
Is 3 a factor of 590?
False
Is 194 a factor of 39966?
False
Is 3 a factor of 208?
False
Is 25140 a multiple of 60?
True
Is 5 a factor of 4480?
True
Is 48 a factor of 1398?
False
Is 9 a factor